4).
35
Let g(m) = 3*m + 5. Determine g(5).
20
Let m(r) = -r**3 - 9*r**2 + 8*r - 13. Give m(-10).
7
Let r(p) = -p**3 + 13*p**2 + 12*p + 23. What is r(14)?
-5
Let a(z) = -z**2 - 27*z - 184. What is a(-14)?
-2
Let h(a) = a**3 + 2*a**2 - a + 33. What is h(0)?
33
Let x(s) = -s**2 + 21*s + 23. Give x(22).
1
Let r(n) = n**3 + 8*n**2 - 9*n - 17. Determine r(-9).
-17
Let z(j) = 2*j - 32. Calculate z(11).
-10
Let q(j) = j**3 + 2*j**2 - j + 1. Calculate q(-3).
-5
Let j(d) = 7*d - 54. What is j(8)?
2
Let b(p) = p + 15. Determine b(-8).
7
Let r(z) = z + 72. Calculate r(-21).
51
Let x(q) = q**3 + 5*q**2 + 11*q + 17. What is x(-6)?
-85
Let i(m) = 4*m**3 - 35*m**2 + 25*m - 5. Give i(8).
3
Let q(a) = -a**2 - 3*a + 79. Give q(-9).
25
Let b(p) = -9*p - 133. Calculate b(-12).
-25
Let h(n) = 2*n + 37. What is h(-19)?
-1
Let r(v) = -v + 12. Calculate r(0).
12
Let f(d) = 3*d**3 + 9*d**2. Calculate f(-3).
0
Let y(u) = -u**3 - 6*u**2 - 10*u - 10. Determine y(-3).
-7
Let p(u) = 38*u**2 - u + 1. Give p(1).
38
Let n(f) = f**2 + 39*f + 354. Calculate n(-25).
4
Let t(j) = j**3 + j**2 - 11*j - 2. Calculate t(-4).
-6
Let x(w) = -39*w**2 - 112*w + 1. What is x(-3)?
-14
Let r(u) = -4*u + 70. What is r(20)?
-10
Let v(w) = w**2 - 3*w - 3. Calculate v(3).
-3
Let r(o) = o**3 - 23*o**2 + 113*o - 8. Give r(16).
8
Let n(h) = 9*h - 17. Give n(1).
-8
Let i(u) = -8*u + 29. Give i(3).
5
Let f(p) = 9*p + 9. Determine f(-5).
-36
Let q(v) = -v - 8. Give q(6).
-14
Let r(a) = a + 8. Give r(21).
29
Let l(o) = 29*o - 55. What is l(2)?
3
Let a(j) = -j**3 - 6*j**2 - 5*j - 5. What is a(-2)?
-11
Let h(r) = r**3 + r**2 + 11. What is h(0)?
11
Let w(r) = -3*r**2 + 9*r + 6. Calculate w(7).
-78
Let i(u) = u**3 + 7*u**2 + 6*u - 1. Determine i(-5).
19
Let y(c) = c**3 - 5*c**2 - 28*c + 29. Give y(8).
-3
Let f(z) = -57*z**3. What is f(1)?
-57
Let r(i) = i**2 + 12*i - 7. What is r(-14)?
21
Let z(n) = n**2 + n - 40. Determine z(0).
-40
Let p(c) = -c**2 + 4*c - 5. Determine p(2).
-1
Let o(m) = -5*m + 12. Determine o(7).
-23
Let o(c) = -7*c**2 + 7*c - 3. Determine o(4).
-87
Let n(p) = 47*p - 979. Determine n(21).
8
Let y(a) = -a**3 - 2*a**2 - 2*a + 2. Determine y(-2).
6
Let k(g) = -g**3 - 2*g**2 + 2. Determine k(-4).
34
Let w(u) = -u**3 - 18*u**2 - 26*u + 8. Give w(-16).
-88
Let u(q) = q**3 - 8*q**2 - 8*q + 4. What is u(9)?
13
Let n(b) = b**2 + 12*b + 33. Give n(-6).
-3
Let n(g) = -g**3 - 26*g**2 + 2*g + 50. What is n(-26)?
-2
Let b(i) = i**3 - 11*i**2 - 29*i + 55. Calculate b(13).
16
Let z(o) = o**3 - 5*o**2 - 19*o + 21. Determine z(7).
-14
Let b(j) = -j**3 + j**2 + 2*j + 2. Give b(3).
-10
Let s(n) = -4*n - 20. Calculate s(-7).
8
Let r(v) = v - 19. Calculate r(8).
-11
Let f(y) = 9*y + 7. Give f(0).
7
Let p(l) = -l**3 - 3*l**2 + 5*l - 2. Determine p(2).
-12
Let n(y) = -y - 26. Give n(-14).
-12
Let x(v) = v**3 + 10*v**2 + 3*v + 11. Give x(-10).
-19
Let m(q) = q**3 - 7*q**2 + q + 1. Give m(7).
8
Let n(h) = 2*h - 7. Give n(4).
1
Let q(t) = 7*t**2 + 24*t + 5. What is q(-4)?
21
Let a(m) = -3*m**2 + m + 1. Determine a(3).
-23
Let r(g) = -g + 10. Calculate r(-5).
15
Let s(k) = 3*k - 5. Determine s(5).
10
Let d(n) = 2*n**3 + 22*n**2 - 6*n - 10. What is d(-11)?
56
Let q(i) = -2*i**2 - 14*i - 26. What is q(-2)?
-6
Let k(w) = 33*w**2 + 2*w - 1. Calculate k(1).
34
Let w(v) = -3*v - 2. Calculate w(-7).
19
Let b(a) = -a + 13. Determine b(3).
10
Let f(j) = 2*j**3 + 2*j**2 - 2*j - 2. What is f(-2)?
-6
Let r(m) = m**2 - 15. Determine r(3).
-6
Let o(h) = -h**2 + 12*h - 2. What is o(5)?
33
Let n(m) = -m**2 + 37*m + 1. Give n(0).
1
Let q(f) = -4*f - 2. Determine q(4).
-18
Let s(u) = -25*u - 247. Calculate s(-10).
3
Let v(t) = -3*t**3 - 7*t**2 - 6*t - 24. Determine v(-3).
12
Let u(n) = -10*n + 6. Give u(4).
-34
Let j(x) = x**2 + 13*x + 22. Calculate j(-10).
-8
Let i(g) = -g**2 + 10*g - 15. Calculate i(9).
-6
Let p(u) = 2*u**2 + 5. What is p(4)?
37
Let d(b) = -b**3 + 38*b**2 + 37*b + 57. Give d(39).
-21
Let g(w) = w**3 + 12*w**2 + 8*w + 2. Give g(-11).
35
Let j(k) = -k**2 + 13. Calculate j(0).
13
Let f(n) = n - 29. Calculate f(15).
-14
Let n(x) = x**3 - 33*x**2 + 2. What is n(33)?
2
Let x(t) = 18*t + 11. Give x(1).
29
Let r(g) = 3*g**2 - 6*g - 12. What is r(-3)?
33
Let x(s) = -s**3 + 3*s**2 - 3*s + 3. What is x(3)?
-6
Let x(y) = 3*y - 48. Calculate x(14).
-6
Let c(i) = -2*i**2 + 14*i + 7. Give c(7).
7
Let a(l) = l**3 - 3*l**2 - 2*l + 4. Calculate a(4).
12
Let p(v) = -2*v + 10. Give p(-7).
24
Let r(k) = -6*k - 206. Determine r(-35).
4
Let l(c) = 2*c**2 + c - 2. Determine l(2).
8
Let n(x) = -x**2 + 7*x - 8. Determine n(6).
-2
Let a(j) = -3*j**2 - 28*j + 260. Give a(-15).
5
Let p(t) = 2*t - 41. Give p(20).
-1
Let v(d) = -d**3 + 4*d**2 + 4*d + 122. What is v(7)?
3
Let l(p) = 2*p**3 - 5*p**2 + 10*p. Calculate l(4).
88
Let u(r) = r**2 - r - 6. Calculate u(4).
6
Let x(c) = -10*c + 2. Determine x(-2).
22
Let o(u) = u**3 - 4*u**2 - 7*u - 2. What is o(5)?
-12
Let x(l) = l**3 - 10*l**2 - 4*l - 11. Give x(10).
-51
Let r(l) = -6*l + 17. Give r(-5).
47
Let y(u) = 3*u**3 - 9*u**2 - 6*u + 14. Determine y(3).
-4
Let w(a) = -13*a**3 + 2*a**2. Determine w(1).
-11
Let s(v) = v**3 + 10*v**2 + 10*v + 22. Give s(-9).
13
Let m(d) = 12*d + 43. Calculate m(-4).
-5
Let l(t) = t + 7. Determine l(14).
21
Let q(y) = -y**2 - 10*y - 19. What is q(-6)?
5
Let d(y) = 34*y**2 + 1. Calculate d(1).
35
Let a(w) = -321*w - 2247. Calculate a(-7).
0
Let y(k) = -2*k**2 - 19*k + 47. Determine y(2).
1
Let c(l) = -l**3 - 8*l**2 - 5*l + 9. Give c(-7).
-5
Let q(o) = 7*o - 14. Determine q(-5).
-49
Let y(w) = w**3 + 6*w**2 + 1. What is y(-7)?
-48
Let z(r) = 2*r**2 - 23*r - 17. What is z(12)?
-5
Let y(i) = i**2 - 7*i - 17. Determine y(14).
81
Let t(q) = -q**2 - 9*q - 9. Calculate t(-9).
-9
Let y(j) = 3*j + 9. Give y(-5).
-6
Let l(m) = -m - 3. Determine l(4).
-7
Let l(a) = 2*a**3 + 99*a**2 - 152*a + 47. Give l(-51).
-4
Let t(p) = -p**3 - 38*p**2 + 5*p + 164. Calculate t(-38).
-26
Let l(t) = -12*t. What is l(-2)?
24
Let h(f) = 4*f - 13. Determine h(4).
3
Let s(g) = -g**3 - 7*g**2 - 10*g - 12. What is s(-6)?
12
Let y(g) = -g**3 + 8*g**2 - 5*g. Determine y(7).
14
Let k(t) = t**3 - 9*t**2 - 10*t + 8. What is k(10)?
8
Let n(x) = -x**3 + 5*x**2 + 6*x + 3. Give n(6).
3
Let b(n) = 15*n + 239. Determine b(-16).
-1
Let m(g) = -g**3 + 11*g**2 - 16*g - 6. Determine m(9).
12
Let d(n) = -n**3 + 14*n**2 + 16*n - 15. Give d(15).
0
Let r(c) = -2*c**3 + 27*c**2 + 17*c - 9. What is r(14)?
33
Let h(y) = -y - 57. Calculate h(-8).
-49
Let h(z) = -36*z - 11. What is h(-1)?
25
Let i(h) = 47*h - 7. What is i(2)?
87
Let k(r) = -r**3 - 31*r**2 - 3*r - 87. Give k(-31).
6
Let o(d) = -9*d + 7. Give o(3).
-20
Let w(l) = 3*l + 51. Determine w(-19).
-6
Let b(o) = 8*o - 212. Determine b(27).
4
Let o(p) = -3*p - 35. What is o(-24)?
37
Let c(k) = 10*k - 16. Calculate c(-1).
-26
Let r(i) = 2*i + 66. Calculate r(-15).
36
Let r(d) = 63*d - 1442. What is r(23)?
7
Let x(q) = 28*q + 90. Calculate x(-3).
6
Let l(f) = -45*f - 8. Determine l(-1).
37
Let d(l) = -l**3 - 22*l**2 - 40*l - 17. Determine d(-20).
-17
Let f(j) = j**2 - 3*j - 25. Determine f(6).
-7
Let o(u) = -u**3 + 24*u**2 - 21*u - 32. What is o(23)?
14
Let b(m) = -4*m - 4. What is b(7)?
-32
Let p(d) = -2*d**3 + d**2 - 2*d + 4. Give p(0).
4
Let g(w) = -w**2 - 13*w + 15. What is g(-14)?
1
Let t(a) = 3*a**3 + 5*a**2 + 3*a - 2. Determine t(-3).
-47
Let m(p) = p + 23. Give m(-18).
5
Let b(t) = t**2 + t + 4. What is b(0)?
4
Let u(b) = 20*b - 30. What is u(1)?
-10
Let n(b) = b**2 + 8*b - 77. Determine n(-13).
-12
Let t(v) = 2*v**3 - 41*v**2 - 20*v - 14. Determine t(21).
7
Let y(s) = -s**3 + 4*s**2 - s - 5. Give y(4).
-9
Let v(h) = h**2 - 19*h + 83. What is v(11)?
-5
Let j(q) = q**3 + 4*q**2 - 10*q + 3. Determine j(-5).
28
Let v(f) = -3*f**3 - 49*f**2 - 62*f - 34. Determine v(-15).
-4
Let v(c) = c**3 + 5*c**2 - 5*c - 8. Calculate v(-5).
17
Let s(c) = -c**3 - 3*c**2 + 4*c + 6. Calculate s(-5).
36
Let x(c) = c**3 - 11*c**2 + 8*c - 8. Calculate x(10).
-28
Let u(v) = -v**2 - 9*v + 10. Give u(-12).
-26
Let y(l) = 3*l**2 + l + 10. Give y(-3).
34
Let w(d) = -2*d + 6. Calculate w(-6).
18
Let o(y) = y**2 + 10*y - 3. Calculate o(-5).
-28
Let i(r) = -7*r**2 + 22*r - 11. What is i(3)?
-8
Let c(d) = -d**3 + 14*d**2 + 12*d + 25. What is c(15)?
-20
Let t(v) = v**3 + 3*v**2 + 7. Give t